e prime factors of ((-9)/6)/(-4 - (-35607)/8904)?
2, 7, 53
Suppose -19 = -3*j - 7. Suppose 0*d - 5*d + 4*v + 63 = 0, 4*v = -j*d + 36. Let r(y) = 3*y + 9. What are the prime factors of r(d)?
2, 3, 7
Let o = 32 + 43. Let j = o - -24. What are the prime factors of j?
3, 11
Let w = -17 - -22. Let d(y) = 2*y**2 + y - 6. What are the prime factors of d(w)?
7
Let r = -9 + 7. Let s be (-15)/r - (-2)/(-4). Suppose -4*g + s*g = -o + 86, -g + 4*o = -46. List the prime factors of g.
2, 3, 5
Suppose -2*c = k - 9524, k + 225 = 229. What are the prime factors of c?
2, 5, 7, 17
Let x(h) = -21*h + 18. Let p(f) = -7*f + 6. Let z(m) = -17*p(m) + 6*x(m). Suppose -11*v + 16 = 104. What are the prime factors of z(v)?
2, 31
Let s = 29 + -23. Suppose -s*f = -7*f + 65. List the prime factors of f.
5, 13
Let w = -9 - -12. Suppose -94 = -w*v + v + 4*b, 0 = v - b - 51. Suppose 0*m = 5*m - v. What are the prime factors of m?
11
Let t = -1555 + 3206. What are the prime factors of t?
13, 127
Let k be 2/(-12) + 13/6. List the prime factors of (-6)/((-24)/76) + k.
3, 7
Let i be 6/5*(-60)/9. Let x = 34 - i. Suppose 2*w + x = 4*w. What are the prime factors of w?
3, 7
Let l = -459 - -566. List the prime factors of l.
107
Let k(q) = 4*q - 2. Let i be k(2). Let h = -4 + i. List the prime factors of -3 + 33 - h*1.
2, 7
Let d(q) = -7*q + 79. Let z be d(11). Let w be (0 + -1)/(-1)*0. Suppose -z*f - 3*h = -7, f - 3*f + 2*h + 22 = w. What are the prime factors of f?
2
Suppose 177 = 22*y - 19*y. List the prime factors of y.
59
Let k be 5/10 + 663/6. Suppose -k = -5*m + 259. What are the prime factors of m?
2, 37
Let r be (3/(-2))/((-10)/(-20)). Let q(v) = 2*v**2 - v - 3. What are the prime factors of q(r)?
2, 3
Let x = -1 + 3. Suppose -5 - 1 = x*m - 2*g, 0 = 2*g - 8. List the prime factors of 15*m/(-6)*-10.
5
Let m(u) = -33*u. Let d = -44 + 40. What are the prime factors of m(d)?
2, 3, 11
Let m(p) = 13*p**2 - 6. Let w = 2 + -7. Let c be m(w). Suppose -5*a + c = 9. What are the prime factors of a?
2, 31
What are the prime factors of 710*((-27)/(-8))/(18/24)?
3, 5, 71
Suppose -11 = 2*r - 19. Suppose l - 92 + r = b, 4*l = 2*b + 350. List the prime factors of l.
3, 29
Let f(p) = p**2 + 20*p + 3. Let c(g) = g**2 + 19*g + 2. Let x(z) = -5*c(z) + 4*f(z). What are the prime factors of x(-10)?
2, 13
Let v(z) = z**3 - 5*z**2 + z. Let r be v(4). Let s = 8 + r. Let d = s - -43. What are the prime factors of d?
3, 13
Suppose -3*t - 5683 = -5*n - 1966, 0 = -4*t + 4. What are the prime factors of n?
2, 3, 31
Suppose -5*p = -9*p. Suppose -5*l + p*l = -85. Suppose -4*y + l = -5*m, -2*y + 4*m + 11 - 1 = 0. What are the prime factors of y?
3
Suppose 3*u - 14 = -5. Suppose -12 = -3*d - j - u*j, -4*j = 5*d - 12. What are the prime factors of d + 2 + -1 + 11?
2, 3
Let o(j) = -2*j + 3*j**2 + 2 + 3*j + 2*j - j**3 + j. Let n be o(4). What are the prime factors of (-30)/n*(6 + -8)?
2, 3, 5
Suppose 74 = b - 79. Suppose -4*h = 4*t - 540, -2*h - b = -4*t + 399. What are the prime factors of t?
137
Suppose -5*o + 101 = 4*y, 5*y + 0*y + 3*o - 110 = 0. Suppose y + 187 = 2*l. List the prime factors of l.
103
Let n be 40/(-12)*(3 - 0). Let w be (-32)/6*27/4. What are the prime factors of w/8*n/3?
3, 5
Let d(p) = p**3 + 10*p**2 - p + 14. Let t be d(-10). What are the prime factors of (-4)/(t/(-26)) - 4/(-6)?
5
Let j = -10 + 11. List the prime factors of (8/8)/(j/62).
2, 31
What are the prime factors of -5 + (-3 - -2516)/7?
2, 3, 59
Let c(p) = 34*p**3 - 4 + p + 6*p**2 - 2 - 9*p - 33*p**3. List the prime factors of c(-6).
2, 3, 7
Let s(j) = -j**2 - 5*j - 5. Let b be s(-4). Let i be 1/(b/4) + 14. Suppose i = 5*d, 28 + 15 = z - 5*d. What are the prime factors of z?
53
Let r(v) = 3*v + 9. Let d be r(12). Let w = 109 - d. Let h = w - 29. List the prime factors of h.
5, 7
Let s = -33 - -27. Let z = 30 - 13. Let j = s + z. What are the prime factors of j?
11
Suppose 16*n = 11*n + 5015. What are the prime factors of n?
17, 59
Suppose -11*b + 21656 = 8456. Suppose 7*m - 13*m = -b. List the prime factors of m.
2, 5
Suppose -6*y + 2066 - 740 = 0. List the prime factors of y.
13, 17
Suppose -101*j + 22340 = 5*a - 106*j, 0 = a - 2*j - 4469. List the prime factors of a.
3, 1489
What are the prime factors of (3 + -1)*118 + 339 + -337?
2, 7, 17
Let x(p) = 2*p**2 - 3*p - 16. Let w be x(4). Suppose w*s - 1005 = 239. What are the prime factors of s?
311
Suppose 5*b + 2*g + 8 = 3*g, 2*g - 6 = 5*b. Let c = -14 - b. What are the prime factors of (4/(-3))/1*c?
2
Let o be ((-2)/5)/(1/5). Let g be (-3)/o*10/(-15). List the prime factors of 29 + (g/(-1) - -2).
2
Suppose 0 = -o - 2*d - 34 + 364, 4*o - 2*d - 1310 = 0. Let x = -203 + o. What are the prime factors of x?
5
Let o be 15/10*(-1 + -5). List the prime factors of (-2)/o - -3*151/27.
17
Suppose 2*p + 110 = 4*c, 2*p + 2*p = -12. Let i = 3 + c. What are the prime factors of i?
29
Let p = 1075 - 577. Suppose -19*s = -17*s - p. What are the prime factors of s?
3, 83
Let m be (45/2)/(2/4). Suppose -389 = -4*g - m. What are the prime factors of g?
2, 43
Let i be (2*3)/(3/2). Suppose -u + 0*u = i*j - 10, -2*u = -4. Suppose j*o - 17 = -4*f + 89, o - 131 = -5*f. List the prime factors of f.
2, 13
Suppose 1782 = 14*w - 3*w. List the prime factors of w.
2, 3
Let o = 391 - -368. List the prime factors of o.
3, 11, 23
Let u = 10 - 19. Let b = -14 + u. Let m = 49 + b. What are the prime factors of m?
2, 13
Let u(a) = -a**3 + 6*a - 5. Let g = 18 - 14. Let p be u(g). List the prime factors of (12/15)/((-3)/p).
2, 3
Let z = -403 + 1364. What are the prime factors of z?
31
Let x = 216 - -204. Let g = 635 - x. List the prime factors of g.
5, 43
Suppose 22*y - 20*y = 888. List the prime factors of y.
2, 3, 37
What are the prime factors of 4*(278 - (-19 + 11))?
2, 11, 13
Let h(o) = 41*o - 18. Let g be 30/105 - 52/(-14). What are the prime factors of h(g)?
2, 73
Let z = 91 - 26. Suppose 4*l = 2*l + 3*k + 184, -2*l - 5*k + 216 = 0. Let x = l - z. List the prime factors of x.
3, 11
Let a be (5/(-2))/(35/(-84)) + -4. List the prime factors of 34 + (a/2)/(-5 + 4).
3, 11
What are the prime factors of (5 + 1576/(-40))/(2/(-160))?
2, 43
Let p be -2 - (3 + 1 + -30). Suppose 5*g - 1 = 3*d, 5*g + 2*d - p = -8. Suppose -g*k + 36 = -0*k. What are the prime factors of k?
2, 3
Let c(g) = -g + 0*g + 2*g - 3*g - 5. Let i be c(-5). Suppose -75 = -2*t - 0*s - 3*s, -160 = -i*t - 2*s. List the prime factors of t.
2, 3, 5
Let q(i) = -i**2 + 14*i + 34. Let v be q(16). Suppose 0 = -6*h + v*h - k + 533, -4*k + 548 = 4*h. What are the prime factors of h?
2, 3, 11
Suppose -6 = -6*y - 0. Let p(j) = 111*j**2 + j - 1. List the prime factors of p(y).
3, 37
Let h be (-28 + 27)/(2/106). Let g = -48 - h. What are the prime factors of g?
5
Suppose 1744*p - 1751*p + 18676 = 0. What are the prime factors of p?
2, 23, 29
Suppose -5*b + 7 + 3 = 0. Let s be -2 + (-2 - 82/b). List the prime factors of s/(-10)*(-2 - -4).
3
Let l(u) = -121*u - 166. What are the prime factors of l(-16)?
2, 3, 5, 59
Suppose 0*x + 4*x - 6444 = 0. List the prime factors of x.
3, 179
Let n = -5017 - -7393. What are the prime factors of n?
2, 3, 11
Let x(r) be the first derivative of r**2 - 14*r - 3. Let w be x(12). Let f(s) = -s**2 + 12*s + 6. List the prime factors of f(w).
2, 13
Let k be 9/3*(10 - 1). Let t be k*2*12/8. List the prime factors of (t*2/3)/1.
2, 3
Let j = 32 - 32. Suppose j = 3*g + 17 - 77. List the prime factors of g.
2, 5
Suppose 0 = -4*k + 3*k - 5*b + 1, 5*b - 2 = -2*k. What are the prime factors of 79 + (-3 + 1 - k)?
2, 19
Let d = -4113 + 6309. List the prime factors of d.
2, 3, 61
Suppose 0 = 3*l + 5*k - 343 - 849, -408 = -l + k. What are the prime factors of l?
2, 101
Let y be (-1 - (4 - (-1 - -3))) + 1. List the prime factors of y*(-54)/2 - (14 + -11).
3, 17
Suppose -9 + 1 = -2*u. Suppose 0 = u*t + 31 - 223. List the prime factors of t.
2, 3
Let u(t) = t**2 - 12*t - 8. Let g be u(13). Suppose 3*k = p + 4, 4*k - 40 = -g*p - k. What are the prime factors of (-2)/(-10) + 169/p?
2, 17
Let r(o) = -2*o - 3. Let d be r(6). Let m = d - -74. List the prime factors of m.
59
Let u(o) = o + 2. Suppose 3*i + 8 = -f, 0 = -4*i - 3*f - 0*f - 14. Let y be u(i). Suppose y*v + 276 = 6*v. List the prime factors of v.
2, 23
Let y = -754 + 426. List the prime factors of